 the greatest common factor of 138405476 and 1528.
764
Calculate the greatest common factor of 113 and 545916221.
113
Calculate the highest common divisor of 3438867 and 741.
57
Calculate the highest common divisor of 13063487 and 114322.
4397
What is the highest common divisor of 29358 and 969906?
42
Calculate the greatest common divisor of 88124 and 94.
2
Calculate the highest common divisor of 38924 and 13764.
148
Calculate the highest common divisor of 11720324 and 847.
77
Calculate the greatest common divisor of 5614600 and 8375.
1675
Calculate the greatest common factor of 1430289 and 99.
9
Calculate the greatest common divisor of 5112 and 11884264.
568
What is the highest common factor of 4832 and 356960?
32
What is the greatest common factor of 8151 and 466089?
741
What is the highest common divisor of 45265 and 62095?
55
Calculate the greatest common factor of 30101379 and 132.
33
Calculate the greatest common divisor of 3726793 and 1463.
133
Calculate the highest common divisor of 3320028 and 13044.
12
Calculate the highest common divisor of 236 and 33444858.
118
What is the highest common factor of 32975448 and 264?
264
What is the highest common factor of 9 and 2326443939?
9
What is the greatest common divisor of 692 and 52488892?
692
What is the greatest common factor of 2129592 and 4272?
2136
Calculate the highest common divisor of 5065816 and 23912.
392
What is the highest common factor of 21784558 and 4066?
214
What is the highest common factor of 85756 and 83248?
44
Calculate the greatest common divisor of 50 and 3382025.
25
What is the highest common divisor of 166265 and 484165?
55
Calculate the greatest common divisor of 5148 and 6092372.
572
What is the greatest common divisor of 808 and 9211907?
101
Calculate the highest common divisor of 63 and 133679259.
63
Calculate the greatest common factor of 778611069 and 35694.
17847
Calculate the greatest common divisor of 996086 and 13858.
338
Calculate the highest common divisor of 73677 and 136572.
1797
What is the highest common divisor of 179863 and 297239?
131
What is the greatest common factor of 127006 and 128524?
506
Calculate the greatest common divisor of 94744470 and 40.
10
What is the greatest common factor of 210211734 and 732?
366
Calculate the highest common divisor of 1744 and 61875376.
1744
What is the greatest common factor of 422144 and 42368?
128
Calculate the highest common divisor of 2318 and 15105674.
122
What is the highest common divisor of 28 and 25165203?
7
Calculate the greatest common divisor of 229843 and 152.
19
What is the greatest common factor of 76790 and 5110?
70
Calculate the highest common divisor of 17 and 34262922.
17
Calculate the highest common divisor of 207 and 195065139.
69
Calculate the greatest common factor of 11737027 and 367.
367
What is the greatest common divisor of 144 and 181666824?
24
Calculate the greatest common divisor of 177345 and 278523.
63
Calculate the highest common divisor of 330 and 429145.
5
What is the highest common factor of 239284410 and 100380?
7170
What is the greatest common factor of 104690 and 24650?
290
What is the highest common factor of 1696 and 98576078?
106
What is the highest common divisor of 5246516 and 2585?
517
What is the greatest common divisor of 12145311 and 214245?
4761
What is the greatest common divisor of 94759320 and 101664?
8472
What is the greatest common factor of 27023176 and 423024?
10072
What is the highest common divisor of 5446718 and 524?
262
Calculate the highest common factor of 709556 and 40454.
358
Calculate the greatest common divisor of 2182579 and 1445.
17
What is the greatest common factor of 119 and 774665605?
119
What is the highest common divisor of 574877144 and 248?
248
What is the highest common divisor of 24338 and 194962?
86
What is the highest common divisor of 3083 and 1610?
1
Calculate the highest common factor of 11487707 and 2343.
11
What is the greatest common divisor of 172140 and 48?
12
What is the highest common factor of 8 and 2039066?
2
What is the greatest common factor of 7909038 and 1265823?
3141
What is the highest common factor of 307430 and 18602?
142
Calculate the highest common divisor of 1867201 and 3611.
157
Calculate the highest common divisor of 20 and 2187738580.
20
Calculate the highest common factor of 765 and 28638115.
85
Calculate the greatest common divisor of 348603 and 21.
3
Calculate the greatest common divisor of 6765430 and 1120.
70
Calculate the greatest common divisor of 240 and 55016592.
48
Calculate the greatest common factor of 7074 and 548213778.
7074
Calculate the greatest common divisor of 37927912 and 22.
22
What is the greatest common factor of 14325 and 1758750?
75
Calculate the greatest common factor of 153 and 10011810.
51
Calculate the highest common divisor of 1326 and 21029034.
1326
What is the greatest common factor of 632 and 314894?
158
Calculate the greatest common divisor of 51 and 2061743.
17
What is the highest common factor of 60851622 and 10062?
3354
What is the highest common factor of 59115 and 15645?
105
Calculate the greatest common factor of 15175270 and 40.
10
Calculate the greatest common divisor of 5694374 and 259.
259
What is the highest common factor of 629631 and 585?
9
What is the highest common divisor of 607 and 2855365634?
607
What is the highest common divisor of 4332 and 545053?
19
What is the greatest common divisor of 72314235 and 270?
135
Calculate the greatest common divisor of 88285659 and 66.
33
What is the greatest common factor of 157742046 and 396?
198
Calculate the highest common factor of 519992685 and 8088.
1011
Calculate the highest common divisor of 624268 and 956.
956
What is the highest common divisor of 44752020 and 5520?
1380
What is the greatest common factor of 1155 and 298680459?
231
Calculate the greatest common divisor of 19673906 and 8477.
1211
What is the greatest common factor of 5650107 and 3?
3
Calculate the highest common divisor of 82045 and 2211250.
305
What is the highest common factor of 399384 and 493344?
216
Calculate the highest common factor of 406 and 49700287.
203
What is the highest common divisor of 26555401 and 27929?
2539
Calculate the greatest common factor of 227999 and 529.
529
Calculate the highest common factor of 95 and 151917597.
19
What is the greatest common factor of 272644 and 4844?
4
Calculate the greatest common divisor of 567962724 and 204.
204
What is the highest common factor of 168 and 1999830?
42
What is the highest common divisor of 22561140 and 180?
60
Calculate the highest common divisor of 209871 and 157545.
81
Calculate the greatest common factor of 26845 and 59765.
5
Calculate the highest common divisor of 4356 and 7177599.
1089
What is the highest common factor of 5940468 and 5580?
1116
Calculate the highest common factor of 70343 and 70878689.
5411
Calculate the highest common factor of 5705 and 32782071.
1141
What is the greatest common factor of 12273 and 28039714?
4091
Calculate the greatest common factor of 14077 and 21.
7
What is the highest common divisor of 68914395 and 1782?
891
What is the greatest common factor of 2298609 and 45?
9
What is the highest common factor of 619385 and 7605?
845
What is the highest common divisor of 8316 and 10215744?
924
What is the greatest common factor of 306 and 600138?
18
What is the highest common factor of 21 and 4480126?
7
What is the highest common divisor of 266453578 and 53?
53
Calculate the greatest common factor of 9964620 and 35370.
270
Calculate the highest common divisor of 19744036 and 247.
13
What is the greatest common divisor of 6 and 3431835?
3
What is the highest common factor of 1740 and 31305?
15
What is the highest common factor of 1152665514 and 1078?
1078
What is the greatest common divisor of 549150 and 101850?
1050
Calculate the highest common divisor of 2368 and 35534800.
592
Calculate the greatest common factor of 3596060 and 780.
260
Calculate the highest common divisor of 5048928 and 1296072.
3384
Calculate the greatest common factor of 370 and 1213322870.
370
Calculate the greatest common divisor of 2 and 2188600.
2
What is the greatest common divisor of 538748 and 23998?
142
What is the greatest common factor of 1184 and 597883?
37
What is t